{"id":26820,"date":"2023-07-17T13:00:00","date_gmt":"2023-07-17T12:00:00","guid":{"rendered":"https:\/\/www.ingartek.com\/?post_type=portfolio_page&#038;p=26820"},"modified":"2023-07-17T13:21:43","modified_gmt":"2023-07-17T12:21:43","slug":"diagnostico-para-el-plan-de-movilidad-urbana-sostenible-de-urola-kosta","status":"publish","type":"portfolio_page","link":"https:\/\/www.ingartek.com\/es\/proyecto\/diagnostico-para-el-plan-de-movilidad-urbana-sostenible-de-urola-kosta\/","title":{"rendered":"Diagn\u00f3stico para el Plan de Movilidad Urbana Sostenible (PMUS) de Urola Kosta"},"content":{"rendered":"<div class=\"wpb-content-wrapper\"><p>[vc_row css_animation=\u00bb\u00bb row_type=\u00bbrow\u00bb use_row_as_full_screen_section=\u00bbno\u00bb type=\u00bbgrid\u00bb angled_section=\u00bbno\u00bb text_align=\u00bbleft\u00bb background_image_as_pattern=\u00bbwithout_pattern\u00bb z_index=\u00bb\u00bb][vc_column width=\u00bb1\/3&#8243;][vc_empty_space][vc_column_text]<\/p>\n<h2>Presentaci\u00f3n<\/h2>\n<p>[\/vc_column_text][vc_empty_space]<div class=\"q_icon_list\"><i class=\"qode_icon_font_awesome fa fa-user qode-ili-icon-holder transparent\" style=\"font-size: 20pxpx;color: #8b1f1c;\" ><\/i><p style=\"color:#8b1f1c;font-size: 20px;font-weight: 500;\">Cliente<\/p><\/div>[vc_single_image image=\u00bb26821&#8243; img_size=\u00bbfull\u00bb qode_css_animation=\u00bb\u00bb][vc_empty_space height=\u00bb15px\u00bb][vc_single_image image=\u00bb26824&#8243; img_size=\u00bbfull\u00bb qode_css_animation=\u00bb\u00bb][vc_empty_space][vc_column_text]Diputaci\u00f3n foral de Gipuzkoa \/ Gipuzkoako Foru Aldundia<br \/>\nUrola Kostako Udal Elkartea[\/vc_column_text][vc_empty_space]<div class=\"q_icon_list\"><i class=\"qode_icon_font_awesome fa fa-folder-open qode-ili-icon-holder transparent\" style=\"font-size: 20pxpx;color: #8b1f1c;\" ><\/i><p style=\"color:#8b1f1c;font-size: 20px;font-weight: 500;\">Proyecto<\/p><\/div>[vc_column_text]Diagn\u00f3stico y <strong>Plan de acci\u00f3n<\/strong> de un proyecto para la aprobaci\u00f3n de un plan de <a href=\"https:\/\/www.ingartek.com\/es\/necesitas-la-ayuda-de-un-experto-en-movilidad-urbana-sostenible\/\" target=\"_blank\" rel=\"noopener\"><em>movilidad urbana sostenible<\/em><\/a> en Urola Kosta[\/vc_column_text][vc_empty_space]<div class=\"q_icon_list\"><i class=\"qode_icon_font_awesome fa fa-bullseye qode-ili-icon-holder transparent\" style=\"font-size: 20pxpx;color: #8b1f1c;\" ><\/i><p style=\"color:#8b1f1c;font-size: 20px;font-weight: 500;\">Objetivos<\/p><\/div>[vc_column_text]Impulsar la <strong>movilidad sostenible<\/strong> y <strong>mejorar la accesibilidad <\/strong>de Urola Kosta y sus habitantes, implantando formas de desplazamiento m\u00e1s saludables y respetuosas con el medioambiente dentro del municipio: caminar, mayor uso de la bicicleta y fomento del transporte p\u00fablico reduciendo as\u00ed la <a href=\"https:\/\/www.ingartek.com\/es\/zonas-de-bajas-emisiones\/\" target=\"_blank\" rel=\"noopener\"><em>contaminaci\u00f3n<\/em><\/a>, el ruido y la mejora de la <a href=\"https:\/\/www.ingartek.com\/es\/consultores-de-trafico-urbano-para-una-movilidad-mas-sostenible\/\" target=\"_blank\" rel=\"noopener\"><em>seguridad vial<\/em><\/a><em>.<\/em>[\/vc_column_text][vc_empty_space height=\u00bb40px\u00bb]<div class=\"q_icon_list\"><i class=\"qode_icon_font_awesome_5 fa5 fa fa-user-gear qode-ili-icon-holder transparent\" style=\"font-size: 20pxpx;color: #8b1f1c;\" ><\/i><p style=\"color:#8b1f1c;font-size: 20px;font-weight: 500;\">Servicio Ingartek<\/p><\/div>[vc_column_text]<\/p>\n<ul>\n<li><em><a href=\"https:\/\/www.ingartek.com\/es\/planificacion-urbana\/\" target=\"_blank\" rel=\"noopener\">Planificaci\u00f3n urbana<\/a><\/em><\/li>\n<\/ul>\n<p>[\/vc_column_text][vc_empty_space][\/vc_column][vc_column width=\u00bb2\/3&#8243;][vc_empty_space][vc_column_text]<\/p>\n<h2>Trabajo realizado<\/h2>\n<p>[\/vc_column_text][vc_empty_space]<div class=\"q_icon_list\"><i class=\"qode_icon_font_awesome fa fa-comments-o qode-ili-icon-holder transparent\" style=\"font-size: 20pxpx;color: #8b1f1c;\" ><\/i><p style=\"color:#8b1f1c;font-size: 20px;font-weight: 500;\">Problema<\/p><\/div>[vc_column_text]La aprobaci\u00f3n de la <a href=\"https:\/\/www.ingartek.com\/es\/cinco-claves-para-hacer-un-buen-plan-de-movilidad-al-trabajo\/\" target=\"_blank\" rel=\"noopener\"><em>Ley de Sostenibilidad Energ\u00e9tica<\/em><\/a> en 2019, ha obligado a los Ayuntamientos con municipios de m\u00e1s de 5.000 habitantes, a aprobar planes de <a href=\"https:\/\/www.ingartek.com\/es\/que-es-la-movilidad-urbana-sostenible\/\" target=\"_blank\" rel=\"noopener\"><em>movilidad urbana sostenible<\/em><\/a>.<\/p>\n<p>Con este Plan de Movilidad Sostenible de la Mancomunidad de Urola Kosta, se pretende avanzar en la l\u00ednea hacia la transici\u00f3n ecol\u00f3gica, social y econ\u00f3mica.<\/p>\n<p>Para ello, se han detectado las principales necesidades a las que se quiere hacer frente:<\/p>\n<ul>\n<li>Reducir los veh\u00edculos privados motorizados<\/li>\n<li>Mejorar la relaci\u00f3n de los centros de trabajo con los n\u00facleos urbanos, posibilitando los desplazamientos alternativos al veh\u00edculo privado<\/li>\n<li>Generar aparcamientos disuasorios<\/li>\n<li>Generar alternativas al veh\u00edculo privado motorizado para el desplazamiento intermunicipal<\/li>\n<li>Fomentar el uso de veh\u00edculos de bajas emisiones<\/li>\n<li>Garantizar una red ciclista intermunicipal segura y accesible para el uso cotidiano de la misma<\/li>\n<\/ul>\n<p>[\/vc_column_text][vc_empty_space]<div class=\"q_icon_list\"><i class=\"qode_icon_font_awesome fa fa-check qode-ili-icon-holder transparent\" style=\"font-size: 20pxpx;color: #8b1f1c;\" ><\/i><p style=\"color:#8b1f1c;font-size: 20px;font-weight: 500;\">Soluci\u00f3n<\/p><\/div>[vc_column_text]Este proyecto se ha dividido en dos fases diferentes, comenzando por un diagn\u00f3stico de la situaci\u00f3n actual de la movilidad sostenible, en donde se han recopilado, tratado y analizado datos socioecon\u00f3micos para poder ver las caracter\u00edsticas de la Mancomunidad, as\u00ed como datos de movilidad y tr\u00e1fico que definen la movilidad de la zona y de la poblaci\u00f3n;<\/p>\n<p>para despu\u00e9s, definir un plan de acci\u00f3n desarrollando un marco estrat\u00e9gico, para fijar y aprobar los objetivos que estructuran este plan.<\/p>\n<p>Por otro lado, se ha planteado un orden prioritario de medios hacia el que definir la movilidad sostenible. Este orden tiene en cuenta aspectos socioecon\u00f3micos y ambientales:<\/p>\n<p><em>1\u00ba &#8211; Peat\u00f3n<\/em><\/p>\n<p><em>2\u00ba &#8211; Bicicletas \/ Veh\u00edculos de Movilidad Personal (VMP)<\/em><\/p>\n<p><em>3\u00ba &#8211; Transporte P\u00fablico<\/em><\/p>\n<p><em>4\u00ba &#8211; Transporte colectivo o compartido<\/em><\/p>\n<p><em>5\u00ba &#8211; Transporte motorizado combusti\u00f3n alternativa<\/em><\/p>\n<p><em>6\u00ba &#8211; Transporte motorizado ordinario<\/em><\/p>\n<p>Dadas las necesidades detectadas de los municipios de Zumaia, Getaria, Zarautz, Aia y Orio, se han establecido seis objetivos que buscan impulsar una movilidad sostenible:<\/p>\n<ol>\n<li>Asesoramiento al sector empresarial para mejorar su competitividad<\/li>\n<li>Movilizaci\u00f3n de los distintos sectores econ\u00f3micos, que sea capaz de desarrollar un modelo econ\u00f3mico bajo en carbono adaptado a la realidad de Urola Kosta<\/li>\n<li>Informaci\u00f3n, sensibilizaci\u00f3n y procesos participativos para la toma de decisiones<\/li>\n<li>Un modelo de lucha contra el cambio clim\u00e1tico impulsado por la gesti\u00f3n p\u00fablica eficiente.<\/li>\n<\/ol>\n<p>[\/vc_column_text][vc_empty_space][\/vc_column][\/vc_row][vc_row css_animation=\u00bb\u00bb row_type=\u00bbrow\u00bb use_row_as_full_screen_section=\u00bbno\u00bb type=\u00bbgrid\u00bb angled_section=\u00bbno\u00bb text_align=\u00bbleft\u00bb background_image_as_pattern=\u00bbwithout_pattern\u00bb z_index=\u00bb\u00bb][vc_column][vc_empty_space][vc_column_text]<\/p>\n<h2>Galer\u00eda de im\u00e1genes del proyecto<\/h2>\n<p>[\/vc_column_text][vc_empty_space][vc_row_inner row_type=\u00bbrow\u00bb type=\u00bbfull_width\u00bb text_align=\u00bbleft\u00bb css_animation=\u00bb\u00bb][vc_column_inner width=\u00bb1\/2&#8243;][vc_single_image image=\u00bb26831&#8243; img_size=\u00bbfull\u00bb qode_css_animation=\u00bb\u00bb][\/vc_column_inner][vc_column_inner width=\u00bb1\/2&#8243;][\/vc_column_inner][\/vc_row_inner][\/vc_column][\/vc_row]<\/p>\n<\/div>","protected":false},"excerpt":{"rendered":"<p>[vc_row css_animation=\u00bb\u00bb row_type=\u00bbrow\u00bb use_row_as_full_screen_section=\u00bbno\u00bb type=\u00bbgrid\u00bb angled_section=\u00bbno\u00bb text_align=\u00bbleft\u00bb background_image_as_pattern=\u00bbwithout_pattern\u00bb z_index=\u00bb\u00bb][vc_column width=\u00bb1\/3&#8243;][vc_empty_space][vc_column_text] Presentaci\u00f3n [\/vc_column_text][vc_empty_space][vc_single_image image=\u00bb26821&#8243; img_size=\u00bbfull\u00bb qode_css_animation=\u00bb\u00bb][vc_empty_space height=\u00bb15px\u00bb][vc_single_image image=\u00bb26824&#8243; img_size=\u00bbfull\u00bb qode_css_animation=\u00bb\u00bb][vc_empty_space][vc_column_text]Diputaci\u00f3n foral de Gipuzkoa \/ Gipuzkoako Foru Aldundia Urola Kostako Udal Elkartea[\/vc_column_text][vc_empty_space][vc_column_text]Diagn\u00f3stico y Plan de acci\u00f3n de un proyecto para la aprobaci\u00f3n&#8230;<\/p>\n","protected":false},"author":2,"featured_media":26844,"menu_order":0,"comment_status":"closed","ping_status":"closed","template":"","portfolio_category":[1672],"portfolio_tag":[],"class_list":["post-26820","portfolio_page","type-portfolio_page","status-publish","has-post-thumbnail","hentry","portfolio_category-planificacion-urbana"],"_links":{"self":[{"href":"https:\/\/www.ingartek.com\/es\/wp-json\/wp\/v2\/portfolio_page\/26820","targetHints":{"allow":["GET"]}}],"collection":[{"href":"https:\/\/www.ingartek.com\/es\/wp-json\/wp\/v2\/portfolio_page"}],"about":[{"href":"https:\/\/www.ingartek.com\/es\/wp-json\/wp\/v2\/types\/portfolio_page"}],"author":[{"embeddable":true,"href":"https:\/\/www.ingartek.com\/es\/wp-json\/wp\/v2\/users\/2"}],"replies":[{"embeddable":true,"href":"https:\/\/www.ingartek.com\/es\/wp-json\/wp\/v2\/comments?post=26820"}],"wp:featuredmedia":[{"embeddable":true,"href":"https:\/\/www.ingartek.com\/es\/wp-json\/wp\/v2\/media\/26844"}],"wp:attachment":[{"href":"https:\/\/www.ingartek.com\/es\/wp-json\/wp\/v2\/media?parent=26820"}],"wp:term":[{"taxonomy":"portfolio_category","embeddable":true,"href":"https:\/\/www.ingartek.com\/es\/wp-json\/wp\/v2\/portfolio_category?post=26820"},{"taxonomy":"portfolio_tag","embeddable":true,"href":"https:\/\/www.ingartek.com\/es\/wp-json\/wp\/v2\/portfolio_tag?post=26820"}],"curies":[{"name":"wp","href":"https:\/\/api.w.org\/{rel}","templated":true}]}}

Diagnóstico para el Plan de Movilidad Urbana Sostenible (PMUS) de Urola Kosta

<div class="wpb-content-wrapper"><p>[vc_row css_animation=»» row_type=»row» use_row_as_full_screen_section=»no» type=»grid» angled_section=»no» text_align=»left» background_image_as_pattern=»without_pattern» z_index=»»][vc_column width=»1/3&#8243;][vc_empty_space][vc_column_text]</p>
<h2>Presentación</h2>
<p>[/vc_column_text][vc_empty_space]<div class="q_icon_list"><i class="qode_icon_font_awesome fa fa-user qode-ili-icon-holder transparent" style="font-size: 20pxpx;color: #8b1f1c;" ></i><p style="color:#8b1f1c;font-size: 20px;font-weight: 500;">Cliente</p></div>[vc_single_image image=»26821&#8243; img_size=»full» qode_css_animation=»»][vc_empty_space height=»15px»][vc_single_image image=»26824&#8243; img_size=»full» qode_css_animation=»»][vc_empty_space][vc_column_text]Diputación foral de Gipuzkoa / Gipuzkoako Foru Aldundia<br />
Urola Kostako Udal Elkartea[/vc_column_text][vc_empty_space]<div class="q_icon_list"><i class="qode_icon_font_awesome fa fa-folder-open qode-ili-icon-holder transparent" style="font-size: 20pxpx;color: #8b1f1c;" ></i><p style="color:#8b1f1c;font-size: 20px;font-weight: 500;">Proyecto</p></div>[vc_column_text]Diagnóstico y <strong>Plan de acción</strong> de un proyecto para la aprobación de un plan de <a href="https://www.ingartek.com/es/necesitas-la-ayuda-de-un-experto-en-movilidad-urbana-sostenible/" target="_blank" rel="noopener"><em>movilidad urbana sostenible</em></a> en Urola Kosta[/vc_column_text][vc_empty_space]<div class="q_icon_list"><i class="qode_icon_font_awesome fa fa-bullseye qode-ili-icon-holder transparent" style="font-size: 20pxpx;color: #8b1f1c;" ></i><p style="color:#8b1f1c;font-size: 20px;font-weight: 500;">Objetivos</p></div>[vc_column_text]Impulsar la <strong>movilidad sostenible</strong> y <strong>mejorar la accesibilidad </strong>de Urola Kosta y sus habitantes, implantando formas de desplazamiento más saludables y respetuosas con el medioambiente dentro del municipio: caminar, mayor uso de la bicicleta y fomento del transporte público reduciendo así la <a href="https://www.ingartek.com/es/zonas-de-bajas-emisiones/" target="_blank" rel="noopener"><em>contaminación</em></a>, el ruido y la mejora de la <a href="https://www.ingartek.com/es/consultores-de-trafico-urbano-para-una-movilidad-mas-sostenible/" target="_blank" rel="noopener"><em>seguridad vial</em></a><em>.</em>[/vc_column_text][vc_empty_space height=»40px»]<div class="q_icon_list"><i class="qode_icon_font_awesome_5 fa5 fa fa-user-gear qode-ili-icon-holder transparent" style="font-size: 20pxpx;color: #8b1f1c;" ></i><p style="color:#8b1f1c;font-size: 20px;font-weight: 500;">Servicio Ingartek</p></div>[vc_column_text]</p>
<ul>
<li><em><a href="https://www.ingartek.com/es/planificacion-urbana/" target="_blank" rel="noopener">Planificación urbana</a></em></li>
</ul>
<p>[/vc_column_text][vc_empty_space][/vc_column][vc_column width=»2/3&#8243;][vc_empty_space][vc_column_text]</p>
<h2>Trabajo realizado</h2>
<p>[/vc_column_text][vc_empty_space]<div class="q_icon_list"><i class="qode_icon_font_awesome fa fa-comments-o qode-ili-icon-holder transparent" style="font-size: 20pxpx;color: #8b1f1c;" ></i><p style="color:#8b1f1c;font-size: 20px;font-weight: 500;">Problema</p></div>[vc_column_text]La aprobación de la <a href="https://www.ingartek.com/es/cinco-claves-para-hacer-un-buen-plan-de-movilidad-al-trabajo/" target="_blank" rel="noopener"><em>Ley de Sostenibilidad Energética</em></a> en 2019, ha obligado a los Ayuntamientos con municipios de más de 5.000 habitantes, a aprobar planes de <a href="https://www.ingartek.com/es/que-es-la-movilidad-urbana-sostenible/" target="_blank" rel="noopener"><em>movilidad urbana sostenible</em></a>.</p>
<p>Con este Plan de Movilidad Sostenible de la Mancomunidad de Urola Kosta, se pretende avanzar en la línea hacia la transición ecológica, social y económica.</p>
<p>Para ello, se han detectado las principales necesidades a las que se quiere hacer frente:</p>
<ul>
<li>Reducir los vehículos privados motorizados</li>
<li>Mejorar la relación de los centros de trabajo con los núcleos urbanos, posibilitando los desplazamientos alternativos al vehículo privado</li>
<li>Generar aparcamientos disuasorios</li>
<li>Generar alternativas al vehículo privado motorizado para el desplazamiento intermunicipal</li>
<li>Fomentar el uso de vehículos de bajas emisiones</li>
<li>Garantizar una red ciclista intermunicipal segura y accesible para el uso cotidiano de la misma</li>
</ul>
<p>[/vc_column_text][vc_empty_space]<div class="q_icon_list"><i class="qode_icon_font_awesome fa fa-check qode-ili-icon-holder transparent" style="font-size: 20pxpx;color: #8b1f1c;" ></i><p style="color:#8b1f1c;font-size: 20px;font-weight: 500;">Solución</p></div>[vc_column_text]Este proyecto se ha dividido en dos fases diferentes, comenzando por un diagnóstico de la situación actual de la movilidad sostenible, en donde se han recopilado, tratado y analizado datos socioeconómicos para poder ver las características de la Mancomunidad, así como datos de movilidad y tráfico que definen la movilidad de la zona y de la población;</p>
<p>para después, definir un plan de acción desarrollando un marco estratégico, para fijar y aprobar los objetivos que estructuran este plan.</p>
<p>Por otro lado, se ha planteado un orden prioritario de medios hacia el que definir la movilidad sostenible. Este orden tiene en cuenta aspectos socioeconómicos y ambientales:</p>
<p><em>1º &#8211; Peatón</em></p>
<p><em>2º &#8211; Bicicletas / Vehículos de Movilidad Personal (VMP)</em></p>
<p><em>3º &#8211; Transporte Público</em></p>
<p><em>4º &#8211; Transporte colectivo o compartido</em></p>
<p><em>5º &#8211; Transporte motorizado combustión alternativa</em></p>
<p><em>6º &#8211; Transporte motorizado ordinario</em></p>
<p>Dadas las necesidades detectadas de los municipios de Zumaia, Getaria, Zarautz, Aia y Orio, se han establecido seis objetivos que buscan impulsar una movilidad sostenible:</p>
<ol>
<li>Asesoramiento al sector empresarial para mejorar su competitividad</li>
<li>Movilización de los distintos sectores económicos, que sea capaz de desarrollar un modelo económico bajo en carbono adaptado a la realidad de Urola Kosta</li>
<li>Información, sensibilización y procesos participativos para la toma de decisiones</li>
<li>Un modelo de lucha contra el cambio climático impulsado por la gestión pública eficiente.</li>
</ol>
<p>[/vc_column_text][vc_empty_space][/vc_column][/vc_row][vc_row css_animation=»» row_type=»row» use_row_as_full_screen_section=»no» type=»grid» angled_section=»no» text_align=»left» background_image_as_pattern=»without_pattern» z_index=»»][vc_column][vc_empty_space][vc_column_text]</p>
<h2>Galería de imágenes del proyecto</h2>
<p>[/vc_column_text][vc_empty_space][vc_row_inner row_type=»row» type=»full_width» text_align=»left» css_animation=»»][vc_column_inner width=»1/2&#8243;][vc_single_image image=»26831&#8243; img_size=»full» qode_css_animation=»»][/vc_column_inner][vc_column_inner width=»1/2&#8243;][/vc_column_inner][/vc_row_inner][/vc_column][/vc_row]</p>
</div>

<p>[vc_row css_animation=»» row_type=»row» use_row_as_full_screen_section=»no» type=»grid» angled_section=»no» text_align=»left» background_image_as_pattern=»without_pattern» z_index=»»][vc_column width=»1/3&#8243;][vc_empty_space][vc_column_text] Presentación [/vc_column_text][vc_empty_space][vc_single_image image=»26821&#8243; img_size=»full» qode_css_animation=»»][vc_empty_space height=»15px»][vc_single_image image=»26824&#8243; img_size=»full» qode_css_animation=»»][vc_empty_space][vc_column_text]Diputación foral de Gipuzkoa / Gipuzkoako Foru Aldundia Urola Kostako Udal Elkartea[/vc_column_text][vc_empty_space][vc_column_text]Diagnóstico y Plan de acción de un proyecto para la aprobación&#8230;</p>
