{"id":26120,"date":"2023-04-03T16:11:56","date_gmt":"2023-04-03T15:11:56","guid":{"rendered":"https:\/\/www.ingartek.com\/?post_type=portfolio_page&#038;p=26120"},"modified":"2023-04-03T16:11:56","modified_gmt":"2023-04-03T15:11:56","slug":"estudio-de-la-movilidad-de-euskadi-2021-para-el-departamento-de-transportes-del-gobierno-vasco","status":"publish","type":"portfolio_page","link":"https:\/\/www.ingartek.com\/es\/proyecto\/estudio-de-la-movilidad-de-euskadi-2021-para-el-departamento-de-transportes-del-gobierno-vasco\/","title":{"rendered":"Estudio de la Movilidad de Euskadi 2021 para el Departamento de Transportes del Gobierno Vasco"},"content":{"rendered":"<div class=\"wpb-content-wrapper\"><p>[vc_row css_animation=\u00bb\u00bb row_type=\u00bbrow\u00bb use_row_as_full_screen_section=\u00bbno\u00bb type=\u00bbgrid\u00bb angled_section=\u00bbno\u00bb text_align=\u00bbleft\u00bb background_image_as_pattern=\u00bbwithout_pattern\u00bb z_index=\u00bb\u00bb][vc_column width=\u00bb1\/3&#8243;][vc_empty_space][vc_column_text]<\/p>\n<h2>Presentaci\u00f3n<\/h2>\n<p>[\/vc_column_text][vc_empty_space]<div class=\"q_icon_list\"><i class=\"qode_icon_font_awesome fa fa-user qode-ili-icon-holder transparent\" style=\"font-size: 20pxpx;color: #8b1f1c;\" ><\/i><p style=\"color:#8b1f1c;font-size: 20px;font-weight: 500;\">Cliente<\/p><\/div>[vc_single_image image=\u00bb20666&#8243; img_size=\u00bbfull\u00bb qode_css_animation=\u00bb\u00bb][vc_column_text]Gobierno Vasco[\/vc_column_text][vc_empty_space]<div class=\"q_icon_list\"><i class=\"qode_icon_font_awesome fa fa-folder-open qode-ili-icon-holder transparent\" style=\"font-size: 20pxpx;color: #8b1f1c;\" ><\/i><p style=\"color:#8b1f1c;font-size: 20px;font-weight: 500;\">Proyecto<\/p><\/div>[vc_column_text]Estudio de la Movilidad de Euskadi 2021 para el Departamento de Transportes del Gobierno Vasco[\/vc_column_text][vc_empty_space]<div class=\"q_icon_list\"><i class=\"qode_icon_font_awesome fa fa-bullseye qode-ili-icon-holder transparent\" style=\"font-size: 20pxpx;color: #8b1f1c;\" ><\/i><p style=\"color:#8b1f1c;font-size: 20px;font-weight: 500;\">Objetivos<\/p><\/div>[vc_column_text]Analizar la movilidad de la CAPV para realizar el Estudio de la Movilidad de Euskadi 2021[\/vc_column_text][vc_empty_space height=\u00bb40px\u00bb]<div class=\"q_icon_list\"><i class=\"qode_icon_font_awesome_5 fa5 fa fa-user-gear qode-ili-icon-holder transparent\" style=\"font-size: 20pxpx;color: #8b1f1c;\" ><\/i><p style=\"color:#8b1f1c;font-size: 20px;font-weight: 500;\">Servicio Ingartek<\/p><\/div>[vc_column_text]<\/p>\n<ul>\n<li><a href=\"https:\/\/www.ingartek.com\/es\/estudios-de-movilidad-y-trafico\/\" target=\"_blank\" rel=\"noopener\">Estudio de movilidad y tr\u00e1fico<\/a><\/li>\n<\/ul>\n<p>[\/vc_column_text][vc_empty_space][\/vc_column][vc_column width=\u00bb2\/3&#8243;][vc_empty_space][vc_column_text]<\/p>\n<h2>Trabajo realizado<\/h2>\n<p>[\/vc_column_text][vc_empty_space]<div class=\"q_icon_list\"><i class=\"qode_icon_font_awesome fa fa-comments-o qode-ili-icon-holder transparent\" style=\"font-size: 20pxpx;color: #8b1f1c;\" ><\/i><p style=\"color:#8b1f1c;font-size: 20px;font-weight: 500;\">Problema<\/p><\/div>[vc_column_text]El Departamento de Transportes del Gobierno Vasco quer\u00eda analizar los h\u00e1bitos de movilidad de la ciudadan\u00eda, para conocer las necesidades de las y los ciudadanos y direccionar los nuevos retos de las instituciones para que Euskadi sea un referente en la transici\u00f3n hacia la movilidad sostenible.[\/vc_column_text][vc_empty_space]<div class=\"q_icon_list\"><i class=\"qode_icon_font_awesome fa fa-check qode-ili-icon-holder transparent\" style=\"font-size: 20pxpx;color: #8b1f1c;\" ><\/i><p style=\"color:#8b1f1c;font-size: 20px;font-weight: 500;\">Soluci\u00f3n<\/p><\/div>[vc_column_text]Ingartek ha realizado un<b> estudio de movilidad y tr\u00e1fico de Euskadi<\/b>, combinando diversas metodolog\u00edas de recogida de informaci\u00f3n, para poder obtener un modelo robusto que permita abordar pol\u00edticas en materia de movilidad y sostenibilidad. Ha analizado el n\u00famero de desplazamientos, el objetivo de los trayectos, tendencias de movilidad, rango de edades de los desplazamientos, tipo de veh\u00edculos que se utilizan para desplazarse, la correlaci\u00f3n entre g\u00e9nero y movilidad, etc.<\/p>\n<p>A partir del an\u00e1lisis de la situaci\u00f3n actual en materia de movilidad (fase de diagn\u00f3stico), Ingartek puede determinar qu\u00e9 tipo de necesidades tiene un municipio, ciudad o territorio en cuanto a movilidad, transporte y accesibilidad (fase de implementaci\u00f3n de las medidas).<\/p>\n<p>Este tipo de <b>estudios de movilidad <\/b>cuyo objetivo se centra en caracterizar la movilidad de la ciudadan\u00eda son imprescindibles para implementar cualquier actuaci\u00f3n que promueva unos h\u00e1bitos de movilidad m\u00e1s seguros, sostenibles y eficientes.[\/vc_column_text][vc_empty_space height=\u00bb40px\u00bb][\/vc_column][\/vc_row][vc_row css_animation=\u00bb\u00bb row_type=\u00bbrow\u00bb use_row_as_full_screen_section=\u00bbno\u00bb type=\u00bbgrid\u00bb angled_section=\u00bbno\u00bb text_align=\u00bbleft\u00bb background_image_as_pattern=\u00bbwithout_pattern\u00bb z_index=\u00bb\u00bb][vc_column][vc_empty_space][vc_column_text]<\/p>\n<h2>Galer\u00eda de im\u00e1genes del proyecto<\/h2>\n<p>[\/vc_column_text][vc_empty_space][vc_row_inner row_type=\u00bbrow\u00bb type=\u00bbfull_width\u00bb text_align=\u00bbleft\u00bb css_animation=\u00bb\u00bb][vc_column_inner width=\u00bb1\/2&#8243;][vc_single_image image=\u00bb26121&#8243; img_size=\u00bbfull\u00bb qode_css_animation=\u00bb\u00bb][\/vc_column_inner][vc_column_inner width=\u00bb1\/2&#8243;][\/vc_column_inner][\/vc_row_inner][\/vc_column][\/vc_row]<\/p>\n<\/div>","protected":false},"excerpt":{"rendered":"<p>[vc_row css_animation=\u00bb\u00bb row_type=\u00bbrow\u00bb use_row_as_full_screen_section=\u00bbno\u00bb type=\u00bbgrid\u00bb angled_section=\u00bbno\u00bb text_align=\u00bbleft\u00bb background_image_as_pattern=\u00bbwithout_pattern\u00bb z_index=\u00bb\u00bb][vc_column width=\u00bb1\/3&#8243;][vc_empty_space][vc_column_text] Presentaci\u00f3n [\/vc_column_text][vc_empty_space][vc_single_image image=\u00bb20666&#8243; img_size=\u00bbfull\u00bb qode_css_animation=\u00bb\u00bb][vc_column_text]Gobierno Vasco[\/vc_column_text][vc_empty_space][vc_column_text]Estudio de la Movilidad de Euskadi 2021 para el Departamento de Transportes del Gobierno Vasco[\/vc_column_text][vc_empty_space][vc_column_text]Analizar la movilidad de la CAPV para realizar el Estudio de&#8230;<\/p>\n","protected":false},"author":2,"featured_media":26121,"menu_order":0,"comment_status":"open","ping_status":"closed","template":"","portfolio_category":[161],"portfolio_tag":[],"class_list":["post-26120","portfolio_page","type-portfolio_page","status-publish","has-post-thumbnail","hentry","portfolio_category-estudios"],"_links":{"self":[{"href":"https:\/\/www.ingartek.com\/es\/wp-json\/wp\/v2\/portfolio_page\/26120","targetHints":{"allow":["GET"]}}],"collection":[{"href":"https:\/\/www.ingartek.com\/es\/wp-json\/wp\/v2\/portfolio_page"}],"about":[{"href":"https:\/\/www.ingartek.com\/es\/wp-json\/wp\/v2\/types\/portfolio_page"}],"author":[{"embeddable":true,"href":"https:\/\/www.ingartek.com\/es\/wp-json\/wp\/v2\/users\/2"}],"replies":[{"embeddable":true,"href":"https:\/\/www.ingartek.com\/es\/wp-json\/wp\/v2\/comments?post=26120"}],"wp:featuredmedia":[{"embeddable":true,"href":"https:\/\/www.ingartek.com\/es\/wp-json\/wp\/v2\/media\/26121"}],"wp:attachment":[{"href":"https:\/\/www.ingartek.com\/es\/wp-json\/wp\/v2\/media?parent=26120"}],"wp:term":[{"taxonomy":"portfolio_category","embeddable":true,"href":"https:\/\/www.ingartek.com\/es\/wp-json\/wp\/v2\/portfolio_category?post=26120"},{"taxonomy":"portfolio_tag","embeddable":true,"href":"https:\/\/www.ingartek.com\/es\/wp-json\/wp\/v2\/portfolio_tag?post=26120"}],"curies":[{"name":"wp","href":"https:\/\/api.w.org\/{rel}","templated":true}]}}

<div class="wpb-content-wrapper"><p>[vc_row css_animation=»» row_type=»row» use_row_as_full_screen_section=»no» type=»grid» angled_section=»no» text_align=»left» background_image_as_pattern=»without_pattern» z_index=»»][vc_column width=»1/3&#8243;][vc_empty_space][vc_column_text]</p>
<h2>Presentación</h2>
<p>[/vc_column_text][vc_empty_space]<div class="q_icon_list"><i class="qode_icon_font_awesome fa fa-user qode-ili-icon-holder transparent" style="font-size: 20pxpx;color: #8b1f1c;" ></i><p style="color:#8b1f1c;font-size: 20px;font-weight: 500;">Cliente</p></div>[vc_single_image image=»20666&#8243; img_size=»full» qode_css_animation=»»][vc_column_text]Gobierno Vasco[/vc_column_text][vc_empty_space]<div class="q_icon_list"><i class="qode_icon_font_awesome fa fa-folder-open qode-ili-icon-holder transparent" style="font-size: 20pxpx;color: #8b1f1c;" ></i><p style="color:#8b1f1c;font-size: 20px;font-weight: 500;">Proyecto</p></div>[vc_column_text]Estudio de la Movilidad de Euskadi 2021 para el Departamento de Transportes del Gobierno Vasco[/vc_column_text][vc_empty_space]<div class="q_icon_list"><i class="qode_icon_font_awesome fa fa-bullseye qode-ili-icon-holder transparent" style="font-size: 20pxpx;color: #8b1f1c;" ></i><p style="color:#8b1f1c;font-size: 20px;font-weight: 500;">Objetivos</p></div>[vc_column_text]Analizar la movilidad de la CAPV para realizar el Estudio de la Movilidad de Euskadi 2021[/vc_column_text][vc_empty_space height=»40px»]<div class="q_icon_list"><i class="qode_icon_font_awesome_5 fa5 fa fa-user-gear qode-ili-icon-holder transparent" style="font-size: 20pxpx;color: #8b1f1c;" ></i><p style="color:#8b1f1c;font-size: 20px;font-weight: 500;">Servicio Ingartek</p></div>[vc_column_text]</p>
<ul>
<li><a href="https://www.ingartek.com/es/estudios-de-movilidad-y-trafico/" target="_blank" rel="noopener">Estudio de movilidad y tráfico</a></li>
</ul>
<p>[/vc_column_text][vc_empty_space][/vc_column][vc_column width=»2/3&#8243;][vc_empty_space][vc_column_text]</p>
<h2>Trabajo realizado</h2>
<p>[/vc_column_text][vc_empty_space]<div class="q_icon_list"><i class="qode_icon_font_awesome fa fa-comments-o qode-ili-icon-holder transparent" style="font-size: 20pxpx;color: #8b1f1c;" ></i><p style="color:#8b1f1c;font-size: 20px;font-weight: 500;">Problema</p></div>[vc_column_text]El Departamento de Transportes del Gobierno Vasco quería analizar los hábitos de movilidad de la ciudadanía, para conocer las necesidades de las y los ciudadanos y direccionar los nuevos retos de las instituciones para que Euskadi sea un referente en la transición hacia la movilidad sostenible.[/vc_column_text][vc_empty_space]<div class="q_icon_list"><i class="qode_icon_font_awesome fa fa-check qode-ili-icon-holder transparent" style="font-size: 20pxpx;color: #8b1f1c;" ></i><p style="color:#8b1f1c;font-size: 20px;font-weight: 500;">Solución</p></div>[vc_column_text]Ingartek ha realizado un<b> estudio de movilidad y tráfico de Euskadi</b>, combinando diversas metodologías de recogida de información, para poder obtener un modelo robusto que permita abordar políticas en materia de movilidad y sostenibilidad. Ha analizado el número de desplazamientos, el objetivo de los trayectos, tendencias de movilidad, rango de edades de los desplazamientos, tipo de vehículos que se utilizan para desplazarse, la correlación entre género y movilidad, etc.</p>
<p>A partir del análisis de la situación actual en materia de movilidad (fase de diagnóstico), Ingartek puede determinar qué tipo de necesidades tiene un municipio, ciudad o territorio en cuanto a movilidad, transporte y accesibilidad (fase de implementación de las medidas).</p>
<p>Este tipo de <b>estudios de movilidad </b>cuyo objetivo se centra en caracterizar la movilidad de la ciudadanía son imprescindibles para implementar cualquier actuación que promueva unos hábitos de movilidad más seguros, sostenibles y eficientes.[/vc_column_text][vc_empty_space height=»40px»][/vc_column][/vc_row][vc_row css_animation=»» row_type=»row» use_row_as_full_screen_section=»no» type=»grid» angled_section=»no» text_align=»left» background_image_as_pattern=»without_pattern» z_index=»»][vc_column][vc_empty_space][vc_column_text]</p>
<h2>Galería de imágenes del proyecto</h2>
<p>[/vc_column_text][vc_empty_space][vc_row_inner row_type=»row» type=»full_width» text_align=»left» css_animation=»»][vc_column_inner width=»1/2&#8243;][vc_single_image image=»26121&#8243; img_size=»full» qode_css_animation=»»][/vc_column_inner][vc_column_inner width=»1/2&#8243;][/vc_column_inner][/vc_row_inner][/vc_column][/vc_row]</p>
</div>

<p>[vc_row css_animation=»» row_type=»row» use_row_as_full_screen_section=»no» type=»grid» angled_section=»no» text_align=»left» background_image_as_pattern=»without_pattern» z_index=»»][vc_column width=»1/3&#8243;][vc_empty_space][vc_column_text] Presentación [/vc_column_text][vc_empty_space][vc_single_image image=»20666&#8243; img_size=»full» qode_css_animation=»»][vc_column_text]Gobierno Vasco[/vc_column_text][vc_empty_space][vc_column_text]Estudio de la Movilidad de Euskadi 2021 para el Departamento de Transportes del Gobierno Vasco[/vc_column_text][vc_empty_space][vc_column_text]Analizar la movilidad de la CAPV para realizar el Estudio de&#8230;</p>
