{"id":19377,"date":"2019-02-06T17:28:23","date_gmt":"2019-02-06T15:28:23","guid":{"rendered":"https:\/\/www.ingartek.com\/?post_type=portfolio_page&#038;p=19377"},"modified":"2024-03-26T12:37:44","modified_gmt":"2024-03-26T11:37:44","slug":"plan-de-accesibilidad-y-movilidad-del-municipio-de-ea-lan-de-accesibilidad-y-movilidad-del-municipio-de-ea","status":"publish","type":"portfolio_page","link":"https:\/\/www.ingartek.com\/es\/proyecto\/plan-de-accesibilidad-y-movilidad-del-municipio-de-ea-lan-de-accesibilidad-y-movilidad-del-municipio-de-ea\/","title":{"rendered":"Plan de accesibilidad y movilidad del municipio de Ea"},"content":{"rendered":"<div class=\"wpb-content-wrapper\"><p>[vc_row css_animation=\u00bb\u00bb row_type=\u00bbrow\u00bb use_row_as_full_screen_section=\u00bbno\u00bb type=\u00bbgrid\u00bb angled_section=\u00bbno\u00bb text_align=\u00bbleft\u00bb background_image_as_pattern=\u00bbwithout_pattern\u00bb z_index=\u00bb\u00bb][vc_column width=\u00bb1\/3&#8243;][vc_empty_space][vc_column_text]<\/p>\n<h2>Presentaci\u00f3n<\/h2>\n<p>[\/vc_column_text][vc_empty_space]<div class=\"q_icon_list\"><i class=\"qode_icon_font_awesome fa fa-user qode-ili-icon-holder transparent\" style=\"font-size: 20pxpx;color: #8b1f1c;\" ><\/i><p style=\"color:#8b1f1c;font-size: 20px;font-weight: 500;\">Cliente<\/p><\/div>[vc_single_image image=\u00bb19384&#8243; img_size=\u00bb250&#215;130&#8243; qode_css_animation=\u00bb\u00bb][vc_empty_space][vc_column_text]Ayuntamiento de Ea (Bizkaia).[\/vc_column_text][vc_empty_space]<div class=\"q_icon_list\"><i class=\"qode_icon_font_awesome fa fa-folder-open qode-ili-icon-holder transparent\" style=\"font-size: 20pxpx;color: #8b1f1c;\" ><\/i><p style=\"color:#8b1f1c;font-size: 20px;font-weight: 500;\">Proyecto<\/p><\/div>[vc_column_text]Actualizar el Plan de Accesibilidad del municipio a las nuevas realidades socio-urban\u00edsticas y realizar un Plan de Movilidad para el mismo.[\/vc_column_text][vc_empty_space]<div class=\"q_icon_list\"><i class=\"qode_icon_font_awesome fa fa-bullseye qode-ili-icon-holder transparent\" style=\"font-size: 20pxpx;color: #8b1f1c;\" ><\/i><p style=\"color:#8b1f1c;font-size: 20px;font-weight: 500;\">Objetivos<\/p><\/div>[vc_column_text]Debido a que han pasado 10 a\u00f1os desde la redacci\u00f3n del primer <strong>Plan de Accesibilidad<\/strong> del municipio, se considera que dicho plan ha quedado obsoleto en algunos de sus puntos y necesita ser actualizado, para mantener la b\u00fasqueda permanente de accesibilidad, seguridad y disfrute del entorno.<\/p>\n<p>El Ayuntamiento del municipio, adicionalmente, ha considerado necesario la realizaci\u00f3n de un <strong>Plan de Movilidad, PMUS<\/strong>. Con el objetivo de conectar los distintos modos de transporte y optimizar la red existente, se ha estudiado la situaci\u00f3n actual de la movilidad en el municipio y se han propuesto medidas que faciliten los trayectos en la misma, respetando siempre los criterios de factibilidad, competencia y coherencia.[\/vc_column_text][vc_empty_space height=\u00bb40px\u00bb]<div class=\"q_icon_list\"><i class=\"qode_icon_font_awesome_5 fa5 fa fa-user-gear qode-ili-icon-holder transparent\" style=\"font-size: 20pxpx;color: #8b1f1c;\" ><\/i><p style=\"color:#8b1f1c;font-size: 20px;font-weight: 500;\">Servicio Ingartek<\/p><\/div>[vc_column_text]<\/p>\n<ul>\n<li><a href=\"https:\/\/www.ingartek.com\/es\/planificacion-urbana\/\" target=\"_blank\" rel=\"noopener\"><u>Planificaci\u00f3n urbana<u><\/u><\/u><\/a><\/li>\n<\/ul>\n<p>[\/vc_column_text][vc_empty_space][\/vc_column][vc_column width=\u00bb2\/3&#8243;][vc_empty_space][vc_column_text]<\/p>\n<h2>Trabajo realizado<\/h2>\n<p>[\/vc_column_text][vc_empty_space]<div class=\"q_icon_list\"><i class=\"qode_icon_font_awesome fa fa-comments-o qode-ili-icon-holder transparent\" style=\"font-size: 20pxpx;color: #8b1f1c;\" ><\/i><p style=\"color:#8b1f1c;font-size: 20px;font-weight: 500;\">Problema<\/p><\/div>[vc_column_text]El anterior <a href=\"https:\/\/www.ingartek.com\/es\/planificacion-urbana\/\" target=\"_blank\" rel=\"noopener noreferrer\">Plan de Accesibilidad<\/a> de Ea data del a\u00f1o 2009, por lo que necesita ser actualizado debido a las actuaciones que se han llevado en el municipio en estos a\u00f1os.<\/p>\n<p>El municipio no contaba con ning\u00fan Plan de Movilidad o PMUS[\/vc_column_text][vc_empty_space]<div class=\"q_icon_list\"><i class=\"qode_icon_font_awesome fa fa-check qode-ili-icon-holder transparent\" style=\"font-size: 20pxpx;color: #8b1f1c;\" ><\/i><p style=\"color:#8b1f1c;font-size: 20px;font-weight: 500;\">Soluci\u00f3n<\/p><\/div>[vc_column_text]La propuesta metodol\u00f3gica para redactar la actualizaci\u00f3n del Plan de Accesibilidad del municipio de Lasarte-Oria se divide en cuatro \u00e1mbitos principales: v\u00eda p\u00fablica, edificios p\u00fablicos, transporte y comunicaci\u00f3n.<\/p>\n<p>La v\u00eda p\u00fablica se refiere a todo el espacio p\u00fablico urbano transitable, es decir, las calles, v\u00edas peatonales, plazas, parques y jardines del municipio. Las zonas libres del municipio (parques, plazas y jardines), requieren un an\u00e1lisis m\u00e1s espec\u00edfico, ya que permiten proyectar cambios de mayor calado.<\/p>\n<p>El transporte p\u00fablico se refiere a las plazas de aparcamiento para personas de movilidad reducida (PMR), las paradas de autob\u00fas existentes en el municipio y las estaciones de tren, en caso de que exista transporte ferroviario en el municipio.<\/p>\n<p>Los elementos relativos a la comunicaci\u00f3n afectan a los \u00e1mbitos previamente estudiados: v\u00eda p\u00fablica, edificios y transporte, por lo tanto, tanto la se\u00f1al\u00e9tica urbana, el del mobiliario urbano, en las marquesinas, en los edificios\u2026 se tratar\u00e1n en su \u00e1mbito concreto de estudio.<\/p>\n<p>En el caso del Plan de Movilidad Urbana Sostenible (PMUS) de Ea la metodolog\u00eda se divide en 3 fases:<\/p>\n<ul>\n<li>Prediagn\u00f3stico descriptivo del municipio. Descripci\u00f3n demogr\u00e1fica, social, econ\u00f3mica y geogr\u00e1fica, identificando la situaci\u00f3n de la red (peatonal, ciclista, veh\u00edculo privado), as\u00ed como aparcamientos, transporte p\u00fablico, zonas de carga\/descarga, etc<\/li>\n<li>Diagn\u00f3stico de la movilidad del municipio. Mediante un proceso participativo que ha permitido determinar las caracter\u00edsticas de la movilidad en el municipio y cu\u00e1les eran las principales cuestiones que preocupaban a la ciudadan\u00eda a este respecto.<\/li>\n<\/ul>\n<p>Plan de acci\u00f3n. Confecci\u00f3n de propuestas de acciones que permitan alcanzar los objetivos planteados que se adecuan a los documentos <i>Agenda 21<\/i> Local, <i>Carta Europea del Peat\u00f3n, Carta de Aalborg y Libro Verde sobre el Medio Ambiente Urbano<\/i>. Dichas acciones han buscado el bienestar de la poblaci\u00f3n, facilitando una movilidad urbana sostenible, para que los desplazamientos urbanos e interurbanos se realicen de manera c\u00f3moda, f\u00e1cil y mejorando la calidad de vida para los ciudadanos.[\/vc_column_text][vc_empty_space]<div class=\"q_icon_list\"><i class=\"qode_icon_font_awesome fa fa-thumbs-up qode-ili-icon-holder transparent\" style=\"font-size: 20pxpx;color: #8b1f1c;\" ><\/i><p style=\"color:#8b1f1c;font-size: 20px;font-weight: 500;\">Beneficios<\/p><\/div>[vc_column_text]<b>Plan de accesibilidad<\/b><\/p>\n<ul>\n<li>Visi\u00f3n de conjunto de la situaci\u00f3n del municipio<\/li>\n<li>Ordenaci\u00f3n de actuaciones en funci\u00f3n de su impacto positivo en la movilidad<\/li>\n<li>An\u00e1lisis espec\u00edfico para la colocaci\u00f3n de elementos mec\u00e1nicos urbanos<\/li>\n<li>Planificaci\u00f3n presupuestaria por etapas<\/li>\n<li>Estructuraci\u00f3n de la informaci\u00f3n que facilita la petici\u00f3n de subvenciones y la gesti\u00f3n de pliegos de licitaci\u00f3n<\/li>\n<\/ul>\n<p><b>Plan de Movilidad<\/b><\/p>\n<ul>\n<li>Conocer la movilidad de los vecinos y vecinas<\/li>\n<li>Conocer las preocupaciones, necesidades, demandas y motivaciones de los vecinos y vecinas<\/li>\n<li>Facilitar la socializaci\u00f3n en las zonas urbanas, dando una mayor importancia al peat\u00f3n frente a la movilidad motorizada.<\/li>\n<li>Regular, controlar y reordenar el acceso y estacionamiento de veh\u00edculos en el centro urbano.<\/li>\n<li>Fomentar la movilidad a pie y en bicicleta en los desplazamientos urbanos.<\/li>\n<li>Mejorar y facilitar el acceso a la red de transporte p\u00fablico.<\/li>\n<\/ul>\n<p>[\/vc_column_text][vc_empty_space height=\u00bb40px\u00bb]<div class=\"q_icon_list\"><i class=\"qode_icon_font_awesome fa fa-newspaper-o qode-ili-icon-holder transparent\" style=\"font-size: 20pxpx;color: #8b1f1c;\" ><\/i><p style=\"color:#8b1f1c;font-size: 20px;font-weight: 500;\">Art\u00edculos relacionados<\/p><\/div>[vc_column_text]<\/p>\n<ul>\n<li><a href=\"https:\/\/www.ingartek.com\/es\/la-futura-planificacion-urbana-de-tu-ciudad-ya-es-presente\/\" target=\"_blank\" rel=\"noopener\"><u>La futura planificaci\u00f3n urbana de tu ciudad ya es presente<u><\/u><\/u><\/a><\/li>\n<\/ul>\n<p>[\/vc_column_text][vc_empty_space][\/vc_column][\/vc_row][vc_row css_animation=\u00bb\u00bb row_type=\u00bbrow\u00bb use_row_as_full_screen_section=\u00bbno\u00bb type=\u00bbgrid\u00bb angled_section=\u00bbno\u00bb text_align=\u00bbleft\u00bb background_image_as_pattern=\u00bbwithout_pattern\u00bb z_index=\u00bb\u00bb][vc_column][vc_empty_space][vc_column_text]<\/p>\n<h2>Galer\u00eda de im\u00e1genes del proyecto<\/h2>\n<p>[\/vc_column_text][vc_empty_space][vc_row_inner row_type=\u00bbrow\u00bb type=\u00bbfull_width\u00bb text_align=\u00bbleft\u00bb css_animation=\u00bb\u00bb][vc_column_inner width=\u00bb1\/2&#8243;][vc_single_image image=\u00bb19378&#8243; img_size=\u00bbfull\u00bb qode_css_animation=\u00bb\u00bb][\/vc_column_inner][vc_column_inner width=\u00bb1\/2&#8243;][\/vc_column_inner][\/vc_row_inner][\/vc_column][\/vc_row]<\/p>\n<\/div>","protected":false},"excerpt":{"rendered":"<p>[vc_row css_animation=\u00bb\u00bb row_type=\u00bbrow\u00bb use_row_as_full_screen_section=\u00bbno\u00bb type=\u00bbgrid\u00bb angled_section=\u00bbno\u00bb text_align=\u00bbleft\u00bb background_image_as_pattern=\u00bbwithout_pattern\u00bb z_index=\u00bb\u00bb][vc_column width=\u00bb1\/3&#8243;][vc_empty_space][vc_column_text] Presentaci\u00f3n [\/vc_column_text][vc_empty_space][vc_single_image image=\u00bb19384&#8243; img_size=\u00bb250&#215;130&#8243; qode_css_animation=\u00bb\u00bb][vc_empty_space][vc_column_text]Ayuntamiento de Ea (Bizkaia).[\/vc_column_text][vc_empty_space][vc_column_text]Actualizar el Plan de Accesibilidad del municipio a las nuevas realidades socio-urban\u00edsticas y realizar un Plan de Movilidad para el mismo.[\/vc_column_text][vc_empty_space][vc_column_text]Debido a que&#8230;<\/p>\n","protected":false},"author":2,"featured_media":20032,"menu_order":0,"comment_status":"closed","ping_status":"closed","template":"","portfolio_category":[],"portfolio_tag":[360,359,358,323,357],"class_list":["post-19377","portfolio_page","type-portfolio_page","status-publish","has-post-thumbnail","hentry","portfolio_tag-accesibilidad","portfolio_tag-bizkaia","portfolio_tag-ea","portfolio_tag-movilidad","portfolio_tag-planificacion-urbana"],"_links":{"self":[{"href":"https:\/\/www.ingartek.com\/es\/wp-json\/wp\/v2\/portfolio_page\/19377","targetHints":{"allow":["GET"]}}],"collection":[{"href":"https:\/\/www.ingartek.com\/es\/wp-json\/wp\/v2\/portfolio_page"}],"about":[{"href":"https:\/\/www.ingartek.com\/es\/wp-json\/wp\/v2\/types\/portfolio_page"}],"author":[{"embeddable":true,"href":"https:\/\/www.ingartek.com\/es\/wp-json\/wp\/v2\/users\/2"}],"replies":[{"embeddable":true,"href":"https:\/\/www.ingartek.com\/es\/wp-json\/wp\/v2\/comments?post=19377"}],"wp:featuredmedia":[{"embeddable":true,"href":"https:\/\/www.ingartek.com\/es\/wp-json\/wp\/v2\/media\/20032"}],"wp:attachment":[{"href":"https:\/\/www.ingartek.com\/es\/wp-json\/wp\/v2\/media?parent=19377"}],"wp:term":[{"taxonomy":"portfolio_category","embeddable":true,"href":"https:\/\/www.ingartek.com\/es\/wp-json\/wp\/v2\/portfolio_category?post=19377"},{"taxonomy":"portfolio_tag","embeddable":true,"href":"https:\/\/www.ingartek.com\/es\/wp-json\/wp\/v2\/portfolio_tag?post=19377"}],"curies":[{"name":"wp","href":"https:\/\/api.w.org\/{rel}","templated":true}]}}

<div class="wpb-content-wrapper"><p>[vc_row css_animation=»» row_type=»row» use_row_as_full_screen_section=»no» type=»grid» angled_section=»no» text_align=»left» background_image_as_pattern=»without_pattern» z_index=»»][vc_column width=»1/3&#8243;][vc_empty_space][vc_column_text]</p>
<h2>Presentación</h2>
<p>[/vc_column_text][vc_empty_space]<div class="q_icon_list"><i class="qode_icon_font_awesome fa fa-user qode-ili-icon-holder transparent" style="font-size: 20pxpx;color: #8b1f1c;" ></i><p style="color:#8b1f1c;font-size: 20px;font-weight: 500;">Cliente</p></div>[vc_single_image image=»19384&#8243; img_size=»250&#215;130&#8243; qode_css_animation=»»][vc_empty_space][vc_column_text]Ayuntamiento de Ea (Bizkaia).[/vc_column_text][vc_empty_space]<div class="q_icon_list"><i class="qode_icon_font_awesome fa fa-folder-open qode-ili-icon-holder transparent" style="font-size: 20pxpx;color: #8b1f1c;" ></i><p style="color:#8b1f1c;font-size: 20px;font-weight: 500;">Proyecto</p></div>[vc_column_text]Actualizar el Plan de Accesibilidad del municipio a las nuevas realidades socio-urbanísticas y realizar un Plan de Movilidad para el mismo.[/vc_column_text][vc_empty_space]<div class="q_icon_list"><i class="qode_icon_font_awesome fa fa-bullseye qode-ili-icon-holder transparent" style="font-size: 20pxpx;color: #8b1f1c;" ></i><p style="color:#8b1f1c;font-size: 20px;font-weight: 500;">Objetivos</p></div>[vc_column_text]Debido a que han pasado 10 años desde la redacción del primer <strong>Plan de Accesibilidad</strong> del municipio, se considera que dicho plan ha quedado obsoleto en algunos de sus puntos y necesita ser actualizado, para mantener la búsqueda permanente de accesibilidad, seguridad y disfrute del entorno.</p>
<p>El Ayuntamiento del municipio, adicionalmente, ha considerado necesario la realización de un <strong>Plan de Movilidad, PMUS</strong>. Con el objetivo de conectar los distintos modos de transporte y optimizar la red existente, se ha estudiado la situación actual de la movilidad en el municipio y se han propuesto medidas que faciliten los trayectos en la misma, respetando siempre los criterios de factibilidad, competencia y coherencia.[/vc_column_text][vc_empty_space height=»40px»]<div class="q_icon_list"><i class="qode_icon_font_awesome_5 fa5 fa fa-user-gear qode-ili-icon-holder transparent" style="font-size: 20pxpx;color: #8b1f1c;" ></i><p style="color:#8b1f1c;font-size: 20px;font-weight: 500;">Servicio Ingartek</p></div>[vc_column_text]</p>
<ul>
<li><a href="https://www.ingartek.com/es/planificacion-urbana/" target="_blank" rel="noopener"><u>Planificación urbana<u></u></u></a></li>
</ul>
<p>[/vc_column_text][vc_empty_space][/vc_column][vc_column width=»2/3&#8243;][vc_empty_space][vc_column_text]</p>
<h2>Trabajo realizado</h2>
<p>[/vc_column_text][vc_empty_space]<div class="q_icon_list"><i class="qode_icon_font_awesome fa fa-comments-o qode-ili-icon-holder transparent" style="font-size: 20pxpx;color: #8b1f1c;" ></i><p style="color:#8b1f1c;font-size: 20px;font-weight: 500;">Problema</p></div>[vc_column_text]El anterior <a href="https://www.ingartek.com/es/planificacion-urbana/" target="_blank" rel="noopener noreferrer">Plan de Accesibilidad</a> de Ea data del año 2009, por lo que necesita ser actualizado debido a las actuaciones que se han llevado en el municipio en estos años.</p>
<p>El municipio no contaba con ningún Plan de Movilidad o PMUS[/vc_column_text][vc_empty_space]<div class="q_icon_list"><i class="qode_icon_font_awesome fa fa-check qode-ili-icon-holder transparent" style="font-size: 20pxpx;color: #8b1f1c;" ></i><p style="color:#8b1f1c;font-size: 20px;font-weight: 500;">Solución</p></div>[vc_column_text]La propuesta metodológica para redactar la actualización del Plan de Accesibilidad del municipio de Lasarte-Oria se divide en cuatro ámbitos principales: vía pública, edificios públicos, transporte y comunicación.</p>
<p>La vía pública se refiere a todo el espacio público urbano transitable, es decir, las calles, vías peatonales, plazas, parques y jardines del municipio. Las zonas libres del municipio (parques, plazas y jardines), requieren un análisis más específico, ya que permiten proyectar cambios de mayor calado.</p>
<p>El transporte público se refiere a las plazas de aparcamiento para personas de movilidad reducida (PMR), las paradas de autobús existentes en el municipio y las estaciones de tren, en caso de que exista transporte ferroviario en el municipio.</p>
<p>Los elementos relativos a la comunicación afectan a los ámbitos previamente estudiados: vía pública, edificios y transporte, por lo tanto, tanto la señalética urbana, el del mobiliario urbano, en las marquesinas, en los edificios… se tratarán en su ámbito concreto de estudio.</p>
<p>En el caso del Plan de Movilidad Urbana Sostenible (PMUS) de Ea la metodología se divide en 3 fases:</p>
<ul>
<li>Prediagnóstico descriptivo del municipio. Descripción demográfica, social, económica y geográfica, identificando la situación de la red (peatonal, ciclista, vehículo privado), así como aparcamientos, transporte público, zonas de carga/descarga, etc</li>
<li>Diagnóstico de la movilidad del municipio. Mediante un proceso participativo que ha permitido determinar las características de la movilidad en el municipio y cuáles eran las principales cuestiones que preocupaban a la ciudadanía a este respecto.</li>
</ul>
<p>Plan de acción. Confección de propuestas de acciones que permitan alcanzar los objetivos planteados que se adecuan a los documentos <i>Agenda 21</i> Local, <i>Carta Europea del Peatón, Carta de Aalborg y Libro Verde sobre el Medio Ambiente Urbano</i>. Dichas acciones han buscado el bienestar de la población, facilitando una movilidad urbana sostenible, para que los desplazamientos urbanos e interurbanos se realicen de manera cómoda, fácil y mejorando la calidad de vida para los ciudadanos.[/vc_column_text][vc_empty_space]<div class="q_icon_list"><i class="qode_icon_font_awesome fa fa-thumbs-up qode-ili-icon-holder transparent" style="font-size: 20pxpx;color: #8b1f1c;" ></i><p style="color:#8b1f1c;font-size: 20px;font-weight: 500;">Beneficios</p></div>[vc_column_text]<b>Plan de accesibilidad</b></p>
<ul>
<li>Visión de conjunto de la situación del municipio</li>
<li>Ordenación de actuaciones en función de su impacto positivo en la movilidad</li>
<li>Análisis específico para la colocación de elementos mecánicos urbanos</li>
<li>Planificación presupuestaria por etapas</li>
<li>Estructuración de la información que facilita la petición de subvenciones y la gestión de pliegos de licitación</li>
</ul>
<p><b>Plan de Movilidad</b></p>
<ul>
<li>Conocer la movilidad de los vecinos y vecinas</li>
<li>Conocer las preocupaciones, necesidades, demandas y motivaciones de los vecinos y vecinas</li>
<li>Facilitar la socialización en las zonas urbanas, dando una mayor importancia al peatón frente a la movilidad motorizada.</li>
<li>Regular, controlar y reordenar el acceso y estacionamiento de vehículos en el centro urbano.</li>
<li>Fomentar la movilidad a pie y en bicicleta en los desplazamientos urbanos.</li>
<li>Mejorar y facilitar el acceso a la red de transporte público.</li>
</ul>
<p>[/vc_column_text][vc_empty_space height=»40px»]<div class="q_icon_list"><i class="qode_icon_font_awesome fa fa-newspaper-o qode-ili-icon-holder transparent" style="font-size: 20pxpx;color: #8b1f1c;" ></i><p style="color:#8b1f1c;font-size: 20px;font-weight: 500;">Artículos relacionados</p></div>[vc_column_text]</p>
<ul>
<li><a href="https://www.ingartek.com/es/la-futura-planificacion-urbana-de-tu-ciudad-ya-es-presente/" target="_blank" rel="noopener"><u>La futura planificación urbana de tu ciudad ya es presente<u></u></u></a></li>
</ul>
<p>[/vc_column_text][vc_empty_space][/vc_column][/vc_row][vc_row css_animation=»» row_type=»row» use_row_as_full_screen_section=»no» type=»grid» angled_section=»no» text_align=»left» background_image_as_pattern=»without_pattern» z_index=»»][vc_column][vc_empty_space][vc_column_text]</p>
<h2>Galería de imágenes del proyecto</h2>
<p>[/vc_column_text][vc_empty_space][vc_row_inner row_type=»row» type=»full_width» text_align=»left» css_animation=»»][vc_column_inner width=»1/2&#8243;][vc_single_image image=»19378&#8243; img_size=»full» qode_css_animation=»»][/vc_column_inner][vc_column_inner width=»1/2&#8243;][/vc_column_inner][/vc_row_inner][/vc_column][/vc_row]</p>
</div>

<p>[vc_row css_animation=»» row_type=»row» use_row_as_full_screen_section=»no» type=»grid» angled_section=»no» text_align=»left» background_image_as_pattern=»without_pattern» z_index=»»][vc_column width=»1/3&#8243;][vc_empty_space][vc_column_text] Presentación [/vc_column_text][vc_empty_space][vc_single_image image=»19384&#8243; img_size=»250&#215;130&#8243; qode_css_animation=»»][vc_empty_space][vc_column_text]Ayuntamiento de Ea (Bizkaia).[/vc_column_text][vc_empty_space][vc_column_text]Actualizar el Plan de Accesibilidad del municipio a las nuevas realidades socio-urbanísticas y realizar un Plan de Movilidad para el mismo.[/vc_column_text][vc_empty_space][vc_column_text]Debido a que&#8230;</p>
